Let g = a + b. What are the prime factors of g?
17
Let i = -65 + 69. Suppose 0 = -7*v + i*v + 501. List the prime factors of v.
167
Let i(c) = 313*c - 184. List the prime factors of i(5).
1381
Let b(j) = -80*j - 36. What are the prime factors of b(-5)?
2, 7, 13
Let o(m) be the first derivative of 4*m + 0*m**2 - 1/4*m**4 - 3 - 2*m**3. What are the prime factors of o(-6)?
2
Let d(c) = c**2 - 3*c - 17. Let x be d(7). Let t = 19 + x. List the prime factors of t.
2, 3, 5
Let g = 1 + 4. Suppose 0 = -8*m + g*m + 261. Suppose -2*r + 3*h + 45 = 0, 3*r - 3*h = -r + m. List the prime factors of r.
3, 7
List the prime factors of (-70608)/(-144) - 2/6.
2, 5, 7
Let x(d) = 0*d**2 + 21 + 2*d**2 + 11*d - d**2. Let w = 169 + -179. List the prime factors of x(w).
11
Let z = 654 + 199. List the prime factors of z.
853
What are the prime factors of (-124)/24 - -5 - (-19310)/12?
1609
Let j(n) be the first derivative of n**4/4 + n**3 - 2*n + 3. Let g be j(-3). List the prime factors of (0 - -2)*(-39)/g.
3, 13
Let i = 164 - -18. Let p = i - 78. List the prime factors of p.
2, 13
Let t = -460 - -682. List the prime factors of t/(-9)*(-8 + 5).
2, 37
Suppose 4*p + 640 = d, 2*p + 2218 = 5*d - 1036. What are the prime factors of d?
2, 163
What are the prime factors of (-3376)/(-24)*(-9)/(-2)?
3, 211
Let d = -32 + 32. Suppose -2*m + y + 28 = d, y + 58 = 4*m - 0*y. List the prime factors of m.
3, 5
Suppose 101 = l - 152. List the prime factors of l.
11, 23
Suppose 2*z + 3*r = 2*r - 10, 3*z + 8 = 2*r. List the prime factors of 3 + 16/z - -3.
2
Let n = 506 - 898. What are the prime factors of n/(-6) - 4/3?
2
Let k(y) be the first derivative of y**2 + 4*y + 3. Let b be k(-3). List the prime factors of 9/30*b*-35.
3, 7
Let s(u) = -u**3 + 5*u**2 + 2*u - 5. Let o be s(5). Suppose 0 = 2*n - o*d - 0*d - 685, -2*n = -3*d - 675. Suppose 9*b = 3*b + n. List the prime factors of b.
5, 11
Let u(s) = 2*s**3 - 66*s**2 - 48*s + 202. What are the prime factors of u(35)?
2, 29, 59
Suppose 5*a = -4*z + 2146, -28*a + 425 = -27*a + 5*z. What are the prime factors of a?
2, 5, 43
Suppose -6 = 27*i - 29*i. Suppose -147 = -4*f + 3*a, 5*f = -i*a + 5*a + 182. List the prime factors of f.
2, 3
Suppose -4*t + 291 + 73 = 0. What are the prime factors of 39/t - (-22)/14?
2
Let s(b) = -3*b**3 - 6*b**2 - 6*b. What are the prime factors of s(-6)?
2, 3, 13
Let y = -8 - -14. Let z be (-4 - -2) + y + -2. List the prime factors of 2/(-1) - (-24)/z.
2, 5
Let c = 4 + -1. Suppose -20 = 4*w, c*w - 1 + 20 = -4*t. Let p(k) = -46*k**3 - k**2 + k + 1. List the prime factors of p(t).
3, 5
Let y(g) = 256*g - 222. What are the prime factors of y(7)?
2, 5, 157
Let n(x) = 90*x**2 + x + 128. What are the prime factors of n(-8)?
2, 3, 5, 7
Let q(k) = -6*k - 249. What are the prime factors of q(-46)?
3
Let a = 77 - -670. What are the prime factors of a?
3, 83
Let h = -52 - -54. Suppose 7*l + 4*g = h*l + 97, 5*g = -3*l + 53. What are the prime factors of l?
3, 7
Let r(a) = -15*a + 27. Let w be r(9). Let z = 250 + w. List the prime factors of z.
2, 71
Let c = -400 - -561. Let g be 192/2 - 0/(-3). Let h = c - g. List the prime factors of h.
5, 13
Let g = -6636 - -9808. What are the prime factors of g?
2, 13, 61
Suppose 2*f - 366 = 2*j - 5*j, 5*j + 5*f - 610 = 0. List the prime factors of j.
2, 61
Suppose -3*j + 6*j - 39 = 0. Suppose 0*d + j*d = 234. What are the prime factors of d?
2, 3
Let c = 12 - 18. Let g be ((-12)/15)/(c/315). Suppose 3*f + 2*s = -s + g, -s = 0. What are the prime factors of f?
2, 7
Let a(r) = -2*r**2 - 3 + 5 + 2*r**3 - 3*r - r**3. Suppose x + 6 + 1 = -2*w, 0 = 4*x + 2*w - 2. What are the prime factors of a(x)?
2
Suppose 5*o = -2*w - 84, 2*w - 12 = -14*o + 15*o. List the prime factors of o/(-72) - 3956/(-18).
2, 5, 11
Suppose 4 = -2*x + 12. Suppose -3*f - 356 = -4*a + 418, 0 = x*f - 8. List the prime factors of a.
3, 5, 13
Suppose -r = u + 69, -4*u + r - 167 = 99. Let d = 258 + u. Suppose i + 0*a + a = 38, -4*a = 5*i - d. What are the prime factors of i?
3, 13
Let v(k) = -7*k - 1. Let r be v(-1). Suppose -214 = -r*j + 200. List the prime factors of j.
3, 23
Suppose 0 = 7*k - 3*k - 12. Suppose 0 = k*j + 6, j + 3*j + 46 = d. What are the prime factors of d?
2, 19
Let t be (2 - (-5)/(-10))/(3/8). Suppose -t*g - 8 = 0, -g = -3*h + 3*g + 155. What are the prime factors of h?
7
Let x be -2 - -2 - (1 - -4). Let r = x - -8. List the prime factors of r.
3
Suppose 0 = -10*y + 12*y - 2184. Suppose 2*q + 10*q = y. List the prime factors of q.
7, 13
Let l = -5 - -5. Suppose l*b - 72 = -4*b. Let y = 2 + b. List the prime factors of y.
2, 5
List the prime factors of (-6)/12*-2 - -20.
3, 7
Let s = 1833 + -745. List the prime factors of s.
2, 17
Suppose -2*w - 4*g = -1706, -g + 0*g - 4265 = -5*w. What are the prime factors of w?
853
Let s(y) = -2*y**3 - 3*y**2 + 4. Suppose -x + 2*x - 3 = 0. Suppose x*c - c + 6 = 0. What are the prime factors of s(c)?
31
Let w(c) = -16*c**3 - 16*c**2 + 25*c + 26. Let x(u) = 3*u**3 + 3*u**2 - 5*u - 5. Let r(j) = -2*w(j) - 11*x(j). List the prime factors of r(-3).
2, 3
Let i be (-6)/(-10)*10/6*3. Suppose -8*w + i*w = -50. List the prime factors of w.
2, 5
Suppose -r - 3*g = -5, 3*r + 2*r = 4*g + 6. Suppose -2*n + 123 = 3*w, -5*n - 23 - 40 = -r*w. List the prime factors of w.
3, 13
Let i(j) = 3*j**3 - 41*j**2 - 13*j + 19. Suppose 0 = 6*d - 0*d - 84. List the prime factors of i(d).
3, 11
Let r be (4/5)/(6/30). Let a be r/22 + (-216)/(-22). Suppose -4*u + a = -230. What are the prime factors of u?
2, 3, 5
Suppose 0 = 3*u + 24 - 108. Let x be (2 - 0)*(-1 + 2). List the prime factors of u/8*(x - -4).
3, 7
Let i(b) be the first derivative of -2*b**2 + 27*b + 12. Let k be i(9). What are the prime factors of (-250)/k - 2/(-9)?
2, 7
Let z = 495 + -254. Suppose -h + 3*n + z = 3*h, 5*n - 43 = -h. What are the prime factors of h?
2, 29
Let d(n) = 15*n - 4. Let m be 66/18 + (-2)/(-6). What are the prime factors of d(m)?
2, 7
Let n(s) = 2*s**2 + 5*s + 5. Let b(w) = 2*w**2 + 4*w + 4. Let g(j) = 5*b(j) - 4*n(j). Let a be g(-1). What are the prime factors of (-3)/(a - (-22)/(-8))?
2
Let t(h) = 2*h**3 + 15*h**2 - 6*h + 18. What are the prime factors of t(10)?
2, 7, 13, 19
Let h be (14/(-4))/((-5)/10). Suppose -459 = -h*p - 2*p. What are the prime factors of p?
3, 17
Suppose -5*c + 12508 = -2*i, 4*c - 3*c - 4*i = 2516. What are the prime factors of c?
2, 5
List the prime factors of ((-411)/6)/(26/(-1300)).
5, 137
Suppose -271 = -0*c - 3*c + 2*b, 2*c - b = 182. Suppose -2*t = -5*r - 81, -t - 2*r = 2*t - c. List the prime factors of t.
3, 11
Suppose -4*l - 482 = -2*j - j, -3*j + 2*l + 478 = 0. What are the prime factors of j?
2, 79
Let i = 1566 - 945. What are the prime factors of i?
3, 23
List the prime factors of 28 - (-7 + (-84)/(-6)).
3, 7
Let a(t) = -5*t + 4. Let i be a(-6). Let u(w) = -4*w - 4. Let n be u(5). Let s = n + i. List the prime factors of s.
2, 5
What are the prime factors of (-5)/(-20) + 1*10462/8?
2, 3, 109
Let q(h) = 4*h**2 + 26*h + 65. List the prime factors of q(-7).
79
Suppose 5*b - 12*b = -4354. What are the prime factors of b?
2, 311
Let d be 39/26 - 4/(16/(-4650)). Suppose -d = a - 7*a. What are the prime factors of a?
2, 97
Let u = 0 + -32. Let j = -5 - u. Suppose -3*w = -j - 21. What are the prime factors of w?
2
Suppose -5*v + y + 27 - 173 = 0, -5*y = v + 50. What are the prime factors of ((1140/(-9))/(-4))/((-5)/v)?
2, 5, 19
Suppose 2*c + 2*i - 10 = 0, 5*c - 13 = -0*c - i. Let f(k) = -8 + 2*k**2 - 16*k + k**2 - 4*k**c. What are the prime factors of f(-14)?
2, 5
Let c be (-34)/(-4 + 2 + 3). Let q = c - -74. Suppose 52 = 4*y - q. What are the prime factors of y?
23
Let k(j) = j**3 - 8*j**2. Let p be k(8). Suppose -z = 2*c - 117, -c + 4*z - 8 + 89 = p. What are the prime factors of c?
61
Let c = 8 - 5. Suppose c*l = 2*j + 8, -2*j + 8 = -4*j. Suppose -a - a + 54 = l. List the prime factors of a.
3
Suppose 37*h - 24068 + 3015 = 0. What are the prime factors of h?
569
Let m(i) = i**3 + 17*i**2 + 40*i - 10. What are the prime factors of m(-8)?
2, 3, 41
Suppose 0 = 2*r - 10, -33 = -p - 2*r - 5. Suppose p*m + 128 = 19*m. What are the prime factors of m?
2
Let y be (-2)/6 + (-374)/66. Let l(n) = -2*n + 13. List the prime factors of l(y).
5
Let u = -97 + 110. Let f(w) = w**3 - 14*w**2 + 21*w